/(-74)) a composite number?
True
Let x(r) = -53*r - 1. Let k be x(2). Let o = -68 - k. Is o a composite number?
True
Let m = -16 + 12. Let j(t) = 15*t**2 + 5*t + 3. Is j(m) prime?
True
Suppose -3985 = -4*v - v. Is v a prime number?
True
Let w be (-1)/((-828)/(-412) - 2). Let j = -252 + 432. Let t = j + w. Is t composite?
True
Suppose 2107 = 4*d + n, -3*d - 4*n + 1577 = -0*d. Is d prime?
False
Let f(y) = -292*y + 3. Let n(d) = -584*d + 6. Let s(b) = 13*f(b) - 6*n(b). Is s(-1) a composite number?
True
Let t(j) = 42*j - 5. Is t(3) a composite number?
True
Let d(l) = -2*l - 9. Is d(-8) a composite number?
False
Let c(q) be the second derivative of 17*q**4/12 - q**3/6 - q**2/2 - 2*q. Is c(-2) composite?
True
Is (-18)/3*(-843)/6 composite?
True
Let u be (-2)/(-6) + 38/(-6). Let w(y) = -y. Let j be w(u). Suppose k = j*k - 30. Is k a prime number?
False
Suppose 2*n = -n + 795. Is n a prime number?
False
Let u be 95/35 - 2/(-7). Suppose -4*q - 2*b = -2*q + 4, -u*b - 30 = -5*q. Is ((-55)/15)/((-1)/q) composite?
False
Let x(d) = 19*d - 3. Is x(10) composite?
True
Let g(z) = 4*z**3 - 2*z + 1. Let c be g(1). Suppose 2*d - 6*d + 12 = -c*y, 5*y + 15 = 5*d. Suppose -23 = -k - y*k. Is k prime?
True
Let t = 8 + -4. Let u(o) = 26*o**2 - o + 1. Is u(t) a composite number?
True
Suppose 6*s = -96 - 138. Let c = 24 - -40. Let g = s + c. Is g a prime number?
False
Let w(t) = 27*t**2 + t + 2. Let o be w(-2). Suppose 5*k + p - 300 = 0, 0 = -2*k + 4*k - 2*p - o. Is k a composite number?
False
Let g(a) = -3*a**3 + 2*a**2 + a. Let c be g(-1). Let t = 0 + c. Suppose -4*m - l + 143 = 0, t*m - 190 = -m + l. Is m a composite number?
False
Let g be (-1)/((9/6)/(-3)). Suppose 4*p + 2 = g*a, 3*a - 2 - 15 = -p. Suppose -3*j = -p*w - 47, j + 2*j - 48 = 3*w. Is j a prime number?
False
Suppose 5*o - 407 = 98. Is o/4 + 3/4 prime?
False
Suppose -2*i = 3*l + 3*i - 6786, 0 = l - 2*i - 2251. Is l a prime number?
False
Let s = -176 + 289. Is s a composite number?
False
Suppose -54 = -2*s - 3*p, -42 = -3*s + s + 3*p. Suppose -2*b = -5*o + 12, -o + s = 4*b + b. Suppose -o*c = 3*g - 94, 2*c - 38 = 3*g - 0. Is c a prime number?
False
Let z(q) = -q + 9. Let h be z(5). Let v be 24/14 - (-2)/7. Is 460/h*(-1 + v) composite?
True
Suppose 4*h - 600 = -5*y + 38, -2*y = -2*h + 310. Is h composite?
False
Let r(w) = -w + 8. Let m be r(6). Let o(p) = 16*p + 1. Is o(m) prime?
False
Let l be ((-3)/4)/1*-4. Suppose 72 = 5*t + u, 3*u + l = 2*u. Is t a prime number?
False
Let i = 112 - 57. Is i a composite number?
True
Suppose 0 = -4*z + 23 - 7. Suppose -3*x + 5*w = -31, -4*x = w - z*w - 23. Suppose -31 = -f + x. Is f a prime number?
False
Suppose 0 = n + 4*o + 1, n + 3*o = 0. Suppose n*a = 2*a - 3, -252 = -3*l + 5*a. Is l a prime number?
True
Let p(y) = 2*y**2 - 14*y + 23. Is p(-12) composite?
False
Let w(h) = h**3 - 5*h**2 + 10*h + 1. Let n be w(7). Suppose 4*a + 29 = n. Is a a prime number?
False
Suppose -4*f - 4 = 0, 0*f - f + 329 = 2*k. Suppose k = 4*s - 487. Is s prime?
True
Let n(k) = k**2 - 9*k - 1. Is n(21) a composite number?
False
Let n = 3 + 87. Suppose 3*q = -x - 2*x + n, 3*q = -x + 20. Is x composite?
True
Suppose 0 = k - 1470 + 229. Is k a prime number?
False
Let s(d) = d**2 + 10*d + 4. Let b be s(-10). Suppose -l = -b*l + 483. Is l prime?
False
Let c(y) = y - 2. Let u be c(2). Let f = u - -3. Suppose -p - f*b = 22 - 72, 2*p = b + 121. Is p a prime number?
True
Suppose -u + 0*u - 5*p = -147, 2*p = -u + 132. Let t be 1/((-4)/(-6))*18. Let y = u - t. Is y a composite number?
True
Suppose -12*u = -10*u - 14. Suppose -3*w + w - 2 = 0. Let i = w + u. Is i a composite number?
True
Let d(a) be the second derivative of -a**5/20 - a**4/12 + 33*a**2/2 - 4*a. Is d(0) a prime number?
False
Suppose -5*w + 893 = -2*l + 2561, -5*l - 5*w = -4205. Is l composite?
False
Suppose s + 681 = 4*s. Suppose -5*j - s = -8502. Is j prime?
False
Let k(o) = o**3 + o**2 - 2*o + 5. Suppose 5*f + 5*r = -5, 5*f = -0*r + 5*r + 45. Is k(f) a prime number?
False
Suppose -3*c - 2*c = h - 1, -3 = -3*h + 2*c. Is h*-145*21/(-35) prime?
False
Suppose -701 = 4*v + 167. Let a(c) = c**3 - 6*c**2 - 3*c - 4. Let f be a(-4). Let t = f - v. Is t composite?
True
Let d(t) = 22*t**2 - 6*t + 3. Is d(4) a prime number?
True
Let y = 7 - 2. Suppose y = 3*g - 19. Let w = 21 - g. Is w prime?
True
Let h = 98 + 25. Is h a prime number?
False
Let c(v) = -3*v**3 + 5*v**2 + 3*v + 2. Let y(d) = -3*d + 4*d**2 - 3*d**3 + 5*d - 1 + 2. Let r(f) = -5*c(f) + 6*y(f). Is r(-3) a composite number?
True
Suppose -2*c + 68 = -0*c. Is c composite?
True
Let p(r) = r**2 + 3*r + 4. Let y be p(-2). Let t = 38 + 9. Is y/(-1)*t/(-2) prime?
True
Let z(n) = -n**2 - 2*n - 256. Let g(q) = 2*q**2 + 5*q + 511. Let a(l) = -3*g(l) - 7*z(l). Is a(0) a prime number?
False
Let i(o) = -o. Let u(l) = -52*l - 5. Let t(j) = -35*j - 3. Let v(s) = 7*t(s) - 5*u(s). Let g(c) = 4*i(c) + v(c). Is g(5) composite?
False
Let d(h) = 2*h**2 - h + 1. Let y be (-1)/(-2) + (-31)/2. Let x = y + 11. Is d(x) a composite number?
False
Let i = -415 - -675. Let b = i + -183. Is b composite?
True
Let y = -199 - -536. Is y a composite number?
False
Let a = -5 + 8. Suppose 0 = j - a*g - 37, 0*j - 3*j + g = -111. Is j a composite number?
False
Let m(k) = 27*k**2 - 2. Let i be (3/(-1))/(12/(-8)). Is m(i) a composite number?
True
Let l = 2671 - 1480. Is l a prime number?
False
Suppose 3*c + 4 = 5*c, -4*k + 4*c = -3180. Is k a prime number?
True
Let j = 6259 + -4102. Is j a composite number?
True
Suppose 0 = a - 3*o - 20, 9*a - 4*a = -5*o. Suppose -4*t + 268 + 333 = a*n, -3*t - 456 = -4*n. Suppose -n = -5*x - 2*k, 3*k + 25 = x - 12. Is x a prime number?
False
Let h(n) = n**3 - 7*n**2 - 6*n - 3. Let q be h(7). Is 2/3*q/(-2) prime?
False
Suppose 0 = 5*c + 10, x - 5*c = 6*x + 165. Let d = x + 52. Is d a prime number?
False
Suppose 3 = 5*d - p, 0*p + 2*p + 6 = -3*d. Suppose -3*o + 2*o + 87 = d. Is o a prime number?
False
Let c be (-4)/(-12) - 28/(-6). Suppose -4*k - 5*g + 59 = 0, 5*k + g - c*g = 43. Suppose d = -5*b + k + 63, 5*b = 3*d + 78. Is b a prime number?
False
Is (-6162)/(-21) + -6*(-1)/(-14) a prime number?
True
Let z(b) = 2 + b**2 - b**3 - b + 2 - 7. Let k be z(-3). Suppose -h + 167 = -k. Is h composite?
True
Suppose 0 = -p - 1, -2*p + 100 = f + f. Is f*(-1 - (-15)/9) composite?
True
Let t(y) be the first derivative of y**2/2 + 3*y - 1. Let p be t(-3). Suppose 3*l - 4*s - 29 = p, 3*l - 2*s - 22 = l. Is l a composite number?
True
Let b be 0 - (3 - 0 - 310). Let y = -56 + b. Is y a prime number?
True
Let o be (-3)/9 - (-48)/9. Suppose 0 = -5*a + 25, -c + o*a + 8 = -20. Is c prime?
True
Suppose m - 2 + 8 = 0. Let y(p) = p**2 - 10*p + 3. Let w(z) = 3*z**2 - 31*z + 8. Let b(r) = -2*w(r) + 7*y(r). Is b(m) composite?
False
Let r(s) = 4*s**2 + 4*s + 3. Let k be 90/3*(-2)/(-3). Suppose -7*b = -2*b - k. Is r(b) a prime number?
True
Let b be (-2)/9 - 5595/(-27). Suppose 0 = -4*j + b - 83. Is j composite?
False
Is 0/(-3) + (-4 - (-4455)/5) prime?
True
Let j = 24 - -1. Suppose -8 = 2*s - t, t + 2 = -2. Let m = s + j. Is m composite?
False
Suppose -3*h + 5*i = h - 2323, -5*h - 4*i + 2955 = 0. Is h composite?
False
Suppose -41 = 3*z - 0*g + 5*g, g - 10 = 2*z. Let b(d) = -d**2 - 7*d - 7. Let f be b(z). Let p(n) = -5*n - 2. Is p(f) a prime number?
False
Is (3/(-1) + 2216)/((-5)/(-25)) a composite number?
True
Let a(h) = -232*h + 11. Let c(g) = -348*g + 16. Let d(n) = -7*a(n) + 5*c(n). Is d(-5) prime?
False
Suppose -4*u = 2*s - 18, -3*s - 5*u + 26 - 3 = 0. Let d be (0 - -2)*s*2. Suppose d*b - 165 = -b. Is b a prime number?
False
Suppose -7*g = -10*g + 573. Is g a composite number?
False
Let o = 3 + -1. Let u be o + (2 - 1) + -1. Is 50 + 2/(u*-1) prime?
False
Let a(m) = 5*m**3 + m**2 + 5*m - 2. Let s be a(3). Suppose -1303 = -2*j + s. Suppose 0*w = 2*w - j. Is w prime?
False
Suppose 0*l - 3*k = -4*l + 819, -l = 2*k - 191. Suppose 2*z = -z + l. Is z a prime number?
True
Let r(t) = 7*t + 1. Let i be (12/10)/(6/15). Suppose u = i*u - 6. Is r(u) prime?
False
Let q(k) be the third derivative of 25*k**4/24 - k**3 + k**2. Let u be q(4). Let p = u - 61. Is p prime?
False
Suppose y = -5*i + 977, -973 = -6*i + i + y. Suppose 3 = 2*a + 4*p - 403, -a = 4*p - i. Is a prime?
True
Let h be (12/9)/(4/1212). Let s = h - 78. Is s prime?
Fal